e greatest common divisor of v and 23?
23
Suppose -h - 7*x + 35 = -9*x, h = x + 37. What is the highest common factor of 741 and h?
39
Let g = 816 + -770. Calculate the highest common factor of g and 10.
2
Let n = 339 + -306. Calculate the greatest common divisor of n and 11.
11
Let b be 988/39 + (-3)/(54/24). Suppose -3*l - 2*l + 480 = 0. Calculate the highest common divisor of b and l.
24
Suppose 0 = 10*p + 110 - 560. What is the highest common divisor of p and 45?
45
Let k(b) = 47*b**2 - b - 4. Let g be k(-2). Let l = g - 1. What is the greatest common factor of 37 and l?
37
Suppose 3*i + i = -88. Suppose 0 = 2*m - a - 7, 0 = -5*m - 0*m + 3*a + 17. Let b be 1*(-8 + m) - i. Calculate the highest common divisor of 72 and b.
18
Suppose -86 = -12*r + 58. Suppose -r*a = -6*a - 84. What is the greatest common factor of a and 28?
14
Let i = -1555 - -2227. What is the highest common divisor of 12 and i?
12
Let t(o) = o**2 + 17*o + 20. Let r be t(-16). Suppose 823 = r*c + 63. What is the highest common factor of c and 76?
38
Let g(l) = 4*l + 7*l**2 - 22 + 2*l + 16 + l**3. Let k be g(-5). What is the greatest common factor of k and 7?
7
Let l = 2071 + -1881. What is the highest common divisor of l and 10?
10
Let x = -601 + 1081. What is the greatest common factor of x and 576?
96
Suppose d + 79 = 5*b, 3*b - 627 = 5*d - 584. Let l(k) = 8*k**2 + 3*k + 4. Let j be l(4). What is the highest common divisor of j and b?
16
Let n = -19 + 20. Suppose -3*i + y - n = 6*y, -5*i = -5*y - 65. Let q(x) = -x + 29. Let z be q(i). Calculate the greatest common factor of z and 7.
7
Let y be ((-52)/(-10))/(4/20). Let j be (-42)/7 + 2 + 30. What is the greatest common divisor of j and y?
26
Let b = 31 - 25. Suppose -3*d = 24 + 54. Let a = -23 - d. What is the greatest common divisor of a and b?
3
Let r(c) = c**3 - 13*c**2 - 44*c - 16. Let j be r(16). Let f(t) = 9*t**3 - 3*t**2 + 3*t - 2. Let d be f(2). What is the greatest common factor of j and d?
16
Let u = 396 - 275. Let b be 24/(-64) - 273/(-24). What is the greatest common divisor of b and u?
11
Let u = 43 + -42. Suppose 4 = 2*p + x - u, -p - 4*x + 6 = 0. What is the highest common factor of 2 and p?
2
Let w be -1 - (-113 + 3/3). Let d = w + -56. Suppose -64 = -2*o - 2*o - 2*g, -d = -3*o - 5*g. What is the greatest common factor of 6 and o?
3
Let n be (-267918)/(-98) + -9 + (-1)/(-7). Calculate the highest common factor of 218 and n.
109
Suppose 0 = 5*w - 2*w - 1125. Let s = -198 + w. Let j = 261 - s. What is the greatest common factor of 12 and j?
12
Suppose 5*b + 9 = 14, i + 4*b = 206. Calculate the greatest common factor of i and 303.
101
Let b = -8 - -11. Let d be (b - 0)/(6/58). Calculate the greatest common factor of d and 116.
29
Let o = 414 + -290. Calculate the greatest common divisor of o and 8.
4
Let u(t) = t**2 - 10*t + 14. Let a be u(11). Calculate the highest common factor of a and 775.
25
Let a = 531 + -237. Let c = a + -194. Calculate the greatest common factor of 40 and c.
20
Suppose 2*t + 12 = 2. Let o be 25/t + 1 + 12. Calculate the greatest common factor of 48 and o.
8
Suppose -2275 = 15*b - 40*b. Suppose 26 = 3*u - u. What is the highest common factor of u and b?
13
Let r be 21 + 21 + 10/(-2). Suppose -9*s = -8*s - 74. Calculate the greatest common divisor of r and s.
37
Let w(g) = g**2 - 9*g - 10. Let t be w(14). Let j = t + -16. Let z = 10 - 6. What is the highest common factor of j and z?
4
Let q = 4 + 5. Suppose 3*j = q*j - 192. Calculate the greatest common factor of j and 8.
8
Let u = 471 - 469. What is the highest common divisor of 58 and u?
2
Let h(w) = 4*w**2 - 4*w - 1. Let n be h(5). Suppose 2*y + 47 = y. Let r = y + n. What is the greatest common divisor of r and 16?
16
Suppose 2*o = -0*i + 4*i + 20, 3*i + 4*o + 37 = 0. Let w(r) = r + 1. Let a be w(1). Let u be (9 - i)/(a/6). What is the greatest common factor of 6 and u?
6
Suppose 4*q = 4*v + 60, -4 = q - 0*q. Let i = 34 + v. Let r(k) = -k + 51. Let a be r(6). What is the greatest common divisor of a and i?
15
Let l(z) = -z**2 - 71*z - 245. Let j be l(-4). Suppose o = 5*o, 3*v - 759 = 2*o. What is the greatest common divisor of v and j?
23
Suppose -5*z - 5*m - 20 = 0, 3*z + 1 = -4*m - 11. Let a(j) = j + 7. Let i be a(z). Suppose 0*q + i*q = 198. Calculate the greatest common factor of 44 and q.
22
Let z = 240 - 228. What is the greatest common divisor of 60 and z?
12
Let q = -1018 + 1079. Calculate the greatest common divisor of q and 1.
1
Suppose 23 = -10*w + 3. Let u be (30/25)/(w/(-15)). What is the highest common divisor of 1 and u?
1
Suppose -4*f - 4*w = -46 - 374, -f + 120 = -2*w. Let p = 206 - 184. Calculate the highest common divisor of p and f.
22
Let w be (-4473)/(-12) - 2/(-8). Suppose -5*a - 5*f = -8*f - w, -3*a + 3*f = -219. Let y = -74 - -81. What is the highest common divisor of a and y?
7
Let l be (27 + -26)/(4/3128). What is the highest common divisor of l and 46?
46
Suppose 0 = -3*x - 2*x + 10. Suppose x*p = p. Suppose 0 = -2*i - p*i + 36. What is the highest common divisor of i and 108?
18
Let u = 500 + -283. What is the greatest common divisor of 14 and u?
7
Let u(m) = -35*m + 9. Let c be u(-1). Let o be (0/(-2) - -1)*-2. Let h(n) = 29*n**2 + 2*n - 2. Let l be h(o). Calculate the highest common factor of l and c.
22
Let u = 286 + -246. Calculate the highest common factor of u and 220.
20
Let v = 144 - 115. Calculate the greatest common divisor of v and 203.
29
Let b = -2784 + 4159. Suppose -c - 4*c = -b. Calculate the greatest common factor of c and 55.
55
Let z = 5 - 3. Let a be ((-2)/z)/(1/(-17)). Let r = 33 - -52. Calculate the greatest common factor of r and a.
17
Suppose 21*z = 9*z + 972. What is the highest common factor of 45 and z?
9
Suppose 41 - 2 = -2*g - 3*a, -3*g + 3*a = 36. Let i be g + (-1)/(-1)*0. Let y = i - -55. What is the highest common factor of 10 and y?
10
Suppose -320*l = -330*l + 1000. What is the highest common divisor of l and 230?
10
Suppose -255*x + 250*x = -805. Suppose k - 7 = 10. Suppose -4*a - k = -x. Calculate the highest common divisor of a and 18.
18
Let o(a) be the second derivative of a**4/12 + a**2 + 2*a. Let h be o(4). Let w = -2108 - -2180. Calculate the greatest common divisor of w and h.
18
Suppose 52*t - 12054 = 11*t. What is the greatest common divisor of 126 and t?
42
Let g be (6 - 8)*(-83 - 4). What is the highest common divisor of 406 and g?
58
Suppose -2*k + 0*k + 144 = 0. Suppose 4*u - k = 8. What is the greatest common divisor of u and 20?
20
Let l(b) = 32*b + 3. Suppose -w + 3 = 18. Let t be (-11 - w) + (-6)/2. Let u be l(t). Calculate the greatest common divisor of 140 and u.
35
Let s(z) = 4*z**2 - 13*z + 12. Let h be s(1). Calculate the greatest common factor of h and 9.
3
Let s(h) = 2*h + 1. Let b = 1 - 0. Let c be s(b). Suppose -c*p + 5*p - 5*v - 3 = 0, 3*p = -5*v + 42. What is the greatest common factor of 9 and p?
9
Suppose -u + 5 = 4*k, 3*k + 10 = 2*u - 0*k. Suppose u = 4*n + 1, 5*j - n = 159. What is the greatest common factor of 352 and j?
32
Let g be 210*(2 + -1)/3. Calculate the greatest common factor of 2 and g.
2
Suppose 0 = -x + 3*x - w - 72, -108 = -3*x + 5*w. Let o = -3809 + 3827. Calculate the highest common factor of o and x.
18
Let c = -635 + 1310. Calculate the greatest common divisor of 150 and c.
75
Let y = -65 - -56. Let c(s) = -s**2 - 14*s - 7. Let g be c(y). Calculate the greatest common divisor of g and 57.
19
Let w = -871 + 887. What is the highest common divisor of 16 and w?
16
Let w(i) = 9*i + 69. Let v be w(-3). What is the greatest common factor of 15 and v?
3
Let o(l) = 71*l**3 + 4*l - 6. Let i be o(2). Calculate the greatest common divisor of 15 and i.
15
Let c be -1*((0 - 0) + 1). Let z(k) = k**2 - 25*k - 10. Let w be z(25). Let i be w*(1 + -1 + c). Calculate the highest common divisor of i and 70.
10
Suppose -11*t = -9*t - 24. Calculate the greatest common factor of 324 and t.
12
Let a(i) = 2*i**3 - 8*i**2 - 3*i - 20. Let o be a(7). What is the highest common factor of o and 121?
11
Let y(n) = -90*n - 67. Let s(q) = -45*q - 33. Let l(b) = 5*s(b) - 2*y(b). Let x be l(-3). Calculate the highest common divisor of x and 8.
8
Let r = -48 + 28. Let w be (8/1)/(-2)*155/r. Calculate the greatest common divisor of w and 279.
31
Let c